 a(m) = 3 - 3 - x + 2 + 5*m**2. List the prime factors of a(-3).
2, 11
Let r = 3020 + 10737. What are the prime factors of r?
13757
Let q(x) = 5655*x**2 + 45*x - 34. What are the prime factors of q(1)?
2, 2833
Let n(o) = 12*o**2 + 38*o + 4. Suppose -4*m + 2*r - 5*r = 21, -2*m = r + 11. List the prime factors of n(m).
2, 13
Let p(d) = 31*d**2 + 11*d - 8. Let o(u) = -10*u**2 - 4*u + 3. Let x(i) = -11*o(i) - 4*p(i). Let n be x(-1). Let q = -1 - n. What are the prime factors of q?
2, 7
What are the prime factors of (-40437 + 236)*((-36)/(-14))/(-3)?
2, 3, 5743
Suppose -4*x = -3*x - 4. Let b be 1/(-2)*x/(-1)*1. Suppose 3*q + 3*u - 198 = -0*u, b*u = -3*q + 198. List the prime factors of q.
2, 3, 11
Suppose 3*a - 14 = 4*x - 5*x, -2*a - 5*x = -5. Let w(h) be the first derivative of h**4/4 - h**3/3 + 13*h**2/2 - 7*h + 36. What are the prime factors of w(a)?
2, 79
Let s(z) be the third derivative of -z**4/3 - 55*z**3/6 + 17*z**2. Let b be s(-7). What are the prime factors of b*(-6)/(-2) - (-195 + 0)?
2, 3, 11
Suppose -867*j = -425*j - 788526 - 687312. What are the prime factors of j?
3, 7, 53
Suppose -4*t + 4*r - 76 = 0, -51 = 4*t - 3*r + 21. List the prime factors of (-14322)/t + (-5)/(-25).
5, 191
Suppose 0 = 171*p - 168*p - 48. Suppose p*r - 14*r - 378 = 0. What are the prime factors of r?
3, 7
Let c = -21739 + 41911. List the prime factors of c.
2, 3, 41
Suppose 3*z + 35 = 5*t, -z - 2*t = -0*t + 8. List the prime factors of -2*(-603)/z*-5.
3, 67
Suppose 3*k = 33*k - 150. Suppose 4*h = -3*w + 2860, 3*h = 2*h - k*w + 732. What are the prime factors of h?
2, 89
Let r(y) = y + 17. Suppose 166 = 2*w + 4*i, 2*w - 2*i + 43 - 221 = 0. Suppose -4*u + 63 = w. What are the prime factors of r(u)?
11
Suppose -195*l = -188*l - 38668. Suppose -5*w + p + 6902 = 0, 0 = -4*w - p + 3*p + l. List the prime factors of w.
2, 3, 5, 23
Suppose -2*u - 4*l + 4 = 2*u, 0 = -4*u + l + 14. Suppose -f - 26 = u*a - 2*a, -3*f = -3*a + 48. Let k = 16 - f. List the prime factors of k.
37
Suppose -2*n - 97 - 303 = 0. Let x(i) = i**2 - 36*i - 50. Let l be x(27). Let v = n - l. What are the prime factors of v?
3, 31
Suppose -2040 = -0*p - 2*p + 4*y, 3060 = 3*p - y. Let h = p - -70. List the prime factors of h.
2, 5, 109
Let y = -277 - -346. Suppose -62*a + y*a = 7294. List the prime factors of a.
2, 521
Let z(g) = 878*g + 46. What are the prime factors of z(7)?
2, 3, 43
Suppose -16*v - 76547 = -421219. What are the prime factors of v?
2, 10771
Suppose 52502 = y + 2*q - 7260, 3*y + 3*q - 179274 = 0. What are the prime factors of y?
2, 3, 23, 433
Let r(x) = -14*x - 16*x + 29*x + 27. Let u be r(27). Suppose -16*q = -u*q - 384. What are the prime factors of q?
2, 3
Let w = 202 + -219. List the prime factors of (3 + -107)*238/w.
2, 7, 13
Suppose -44292 + 4675 = -4*g - 5*l, 49467 = 5*g + 14*l. List the prime factors of g.
23, 431
Let u = -2 + 2. Let j(y) = -2*y + 60 + 2061*y**3 - 4 + 52 - 2062*y**3 + 3*y. List the prime factors of j(u).
2, 3
Let c be 1/(660/1820 + (-4)/14). Suppose 0*l = 4*l - 1532. Suppose g = 4*n + c - l, -3*g + 362 = 4*n. What are the prime factors of n?
2, 23
Suppose 5*s = 5*t + 2425, -4*t - 2 - 6 = 0. Suppose 0 = -5*o - 3*p - s + 1830, 2*o - p = 541. List the prime factors of o.
2, 3, 5
Suppose 4*o + 2*p = 248, 8*p - 3*p = -4*o + 242. Suppose j - 393 = -2*j. Suppose 4*n - 66 = -i + j, -n - 3*i + o = 0. List the prime factors of n.
2, 3
Suppose -14*z + 5558 = -210. Let p = 1046 - z. What are the prime factors of p?
2, 317
Let j be 4 + 640/36 + (-4)/(-18). Let l be j/4 + (-9)/6. Suppose l*u - 3*u = -m + 7, 5*u = 5*m - 5. What are the prime factors of u?
3
Let u(n) be the first derivative of -2/3*n**3 - 20*n - 30*n**2 - 11. List the prime factors of u(-27).
2, 71
Let n(r) = -r**2 - r - 1. Let a = -43 + 38. Let q(t) = 6*t**2 + 9*t - 2. Let f(s) = a*n(s) - q(s). What are the prime factors of f(0)?
7
Suppose -2*g - 2*g - 48 = -f, 0 = 4*f - 3*g - 218. Suppose 180 = -54*j + f*j. List the prime factors of j.
2, 3, 5
List the prime factors of (-17136561)/(-1599) + (-4)/82.
7, 1531
Let s(t) = -t**3 - 9*t**2 - 14*t + 3. Let d be s(-7). Let c(z) = 84*z**2 - 8*z + 17. List the prime factors of c(d).
7, 107
Let c(i) = 21*i**3 + 16*i**2 - 108*i + 50. What are the prime factors of c(15)?
5, 7, 2083
Let c(s) = 72*s + 2*s - 45*s - 187 + 32*s + 76*s. What are the prime factors of c(13)?
2, 797
Let z(u) = -u**2 + 8*u - 8. Let p be z(2). Suppose 35 = p*o - 1681. List the prime factors of o.
3, 11, 13
Let u(l) = l**3 - 6*l**2 + 2*l - 10. Let z be u(6). Let s(y) = 5*y + 17*y - 12*y**z - 12*y - 19 + y**3. List the prime factors of s(12).
101
Suppose -2*x + 138 = 2*a - 0*x, -2*a = 4*x - 144. Suppose a = -0*d + 3*d. Let k = 77 - d. List the prime factors of k.
5, 11
Suppose 488 = 2*j + 3*d - 1034, -4*d = 0. List the prime factors of (j/(-2))/(3/(9 - 15)).
761
Suppose 3*l - 3439 = 2*s, -10*l - 2295 = -12*l - s. List the prime factors of l.
31, 37
Suppose 0 = o - 18*o - 51. Let a(q) = 69*q**2 + 4*q. List the prime factors of a(o).
3, 7, 29
Suppose 4*m - k - 407 = 0, 3*k - k + 304 = 3*m. Let s be (m*(0 + -1) + 2)*1. Let o = -24 - s. What are the prime factors of o?
2, 19
Let b(y) = 83*y**2 + 2*y + 3. Let r be b(-3). Let g = r + -441. What are the prime factors of g?
3, 101
Let k = 97 + -74. Let l(g) = -g**2 + 43*g - 100. What are the prime factors of l(k)?
2, 3, 5
Suppose 4*o - 4 = 4. Suppose -1546 = -2*p - o*i, 3*p + p - 3093 = -5*i. Suppose -6*g = 5*a - 2*g - p, 3*g = 3*a - 447. What are the prime factors of a?
2, 19
Let m = 3953 + -1883. What are the prime factors of m?
2, 3, 5, 23
Suppose -3*m + 7 = -2*q, m - 2 = 5*q - 4. What are the prime factors of (-2)/(9597/3201 - m)?
11, 97
Let x be -3 + (-10)/(-4) - 6122/(-4). Suppose 0 = 25*d - 19*d - x. List the prime factors of d.
3, 5, 17
Let q(y) = 7*y**2 + 716*y + 97. What are the prime factors of q(-103)?
2, 3, 17
Let y = -175 - -183. List the prime factors of 169 - 2*4/y.
2, 3, 7
Let o(d) = -74*d - 10. Let u be o(-33). Suppose -3*h + 6*w = 3*w - 1824, 4*h = -3*w + u. What are the prime factors of h?
2, 19
Let u(m) = 420*m + 7. Suppose 7 = 3*b + 2*r, 7*b + 2 = 4*r + 1. What are the prime factors of u(b)?
7, 61
Suppose -1024 = -p + 4*u, -3*u + 2*u - 2076 = -2*p. Suppose 2*c + 5*q + p = 7*c, -4 = -q. What are the prime factors of c?
2, 53
What are the prime factors of ((14/(-5))/(15/25))/((-8)/6492)?
7, 541
Let r be -9 - (0/3 + 1). Let x = r + 20. Suppose 7*d - x*d + 243 = 0. What are the prime factors of d?
3
Let o(w) be the third derivative of w**4/4 - 4*w**3/3 + 4*w**2. Let u be o(3). What are the prime factors of (1/(-4))/((-2)/16) + u?
2, 3
What are the prime factors of 20649 - ((-4)/(-18) + 235/90*-2)?
2, 23, 449
Suppose -47*x + 41*x + 1290 = 0. Suppose -2*a + 27 = 5*o, o + 3*a - 6*a = 2. Suppose -g + x = -i, 3*i = -4*g + o*i + 860. List the prime factors of g.
5, 43
Let s = 48 + -45. Suppose 0 = -2*j - s*v + 815, 7*v = 5*j + 4*v - 1985. Suppose 0 = -19*r + 15*r + j. List the prime factors of r.
2, 5
Suppose -38*q + 4*b = -39*q + 11350, -3*q = -b - 33972. List the prime factors of q.
2, 7, 809
Let t be 964/((-8)/12*-3). Suppose 0 = -2*q + c + t, -c + 715 = 5*q - 490. Suppose -3*o - 73 - 62 = -3*p, o + q = 5*p. What are the prime factors of p?
7
Let f = 7738 - 5410. Suppose -q - f = -7*q. What are the prime factors of q?
2, 97
Let r = -271 - -347. Suppose r*u - 64*u = 13932. List the prime factors of u.
3, 43
What are the prime factors of 1*(-48)/40*1 - 687344/(-20)?
2, 17183
Suppose -341479 - 530958 = -49*o + 21078. What are the prime factors of o?
5, 7, 521
Let d(b) = -2*b + 3. Let k(c) = 3*c - 82. Let g(q) = 5*d(q) - k(q). List the prime factors of g(-9).
2, 107
Let u(c) be the second derivative of -c**3/3 + 113*c**2/2 - 4*c. List the prime factors of u(17).
79
Suppose -3159 = -h - 3*u, 3*h - 2*u - 12636 = -h. Suppose 5*n + 2*b - h = 5*b, 4*n - 2523 = b. Suppose 5*r - n = -r. List the prime factors of r.
3, 5, 7
Let u = -155 - -130. Let a be -2*u/(-10) - -3. What are the prime factors of ((-8)/a)/1 + 45?
7
Let t(q) be the second derivative of q**5/20 - q**4/12 - q**3/2 + 63*q**2/2 - 42*q. Let y be t(0). Suppose 2*g - y = 183. List the prime factors of g.
3, 41
Suppose 3*v - 15 = -4*l + 14, 5*l - 5*v - 45 = 0. Suppose 53 + 123 = l*i. What 